) = 2*c(a) + 5*y(a). Give v(r).
11
Let p(f) = 3*f + 1. Let b = -40 + 43. Suppose -b*s = -2*s + 1. Determine p(s).
-2
Let r(b) be the second derivative of b**6/360 - b**5/40 + b**4/8 - 4*b**3/3 + 7*b. Let c(g) be the second derivative of r(g). What is c(2)?
1
Let c(r) = -r**2 - 5*r + 5. Let g(v) = v**2 + 10*v - 9. Let n(y) = 5*c(y) + 3*g(y). Let a(u) = -7*u + 5. Let j be a(-3). Let z = j - 22. Give n(z).
-14
Let p(w) = -1633 + 814 - 15*w**2 + 812 - w**3 + 16*w. Determine p(-16).
-7
Let g(f) = -f**2 + 2*f + 1. Let y = 3 - 4. Let j be (-1 + 45)/(y - -3). Suppose -16 = 4*n, 2*i = -3*n - 2*n - j. What is g(i)?
-2
Let b(d) = d + 6. Let c be b(-7). Let r be 1*c*(11 + -12). Let s(f) = -4*f + 5*f + 5*f - 5*f - r. Calculate s(-3).
-4
Let b = 949 - 949. Let s(d) = -d + 5. Determine s(b).
5
Let a(l) be the first derivative of -13*l**5/20 - l**4/6 + l**2/2 + 12*l + 3. Let s(y) be the first derivative of a(y). Determine s(1).
-14
Suppose 2*u - 22 = -4*c, 2*u + 3*u = 3*c - 10. Suppose c*d - 6*t = -t + 85, -d = 2*t - 11. Suppose o - d = -4*o. Let b(m) = -2*m**2 + 3*m - 4. Give b(o).
-13
Let k(v) = -v**2 - 5*v - 6. Let p(g) be the second derivative of -g**4/12 - 4*g**3/3 - 9*g**2/2 - 7*g. Let c be p(-6). Let w be -1 + 0 + -7 + c. Give k(w).
-6
Let r be (-378)/18 - (1 + -9). Let j(q) = q**2 + 14*q + 19. Give j(r).
6
Let t(m) = -m**3 + 12*m**2 - 12*m + 2. Suppose 14*r - 11 = 13*r. Give t(r).
-9
Let f(w) be the second derivative of -w**5/10 + w**4/6 - w**2/2 - 12*w - 9. Suppose 3 + 1 = 4*y. Calculate f(y).
-1
Let i(c) = 586*c**2 - 585*c**2 + 0*c + 8 - 6*c. What is i(6)?
8
Let b(l) be the third derivative of -l**5/30 + 7*l**3/6 - 9*l**2 - 6. What is b(-3)?
-11
Let j(k) be the first derivative of -k**5/3 - k**4/24 - k**2/2 - 10. Let w(n) be the second derivative of j(n). Let d be ((-2)/24 + 1/(-4))*3. Calculate w(d).
-19
Let q(d) = -5*d**3 + 10*d + 6. Let z(y) = 9*y**3 + y**2 - 19*y - 9. Let j(i) = 7*q(i) + 4*z(i). Give j(-5).
11
Let w(q) = -7*q**3 + 21*q**2 - 19*q + 1. Let m = 8 + -3. Let d(l) = -3*l**3 + 10*l**2 - 9*l. Let j(h) = m*d(h) - 2*w(h). Suppose 2*f + 0 = 14. Give j(f).
-2
Let l(j) be the second derivative of -j**5/20 + j**4/6 + 5*j**3/6 - 4*j. Suppose 4*b = -4*n, -4*n + 2*n - 3*b + 4 = 0. Let m = 0 - n. Give l(m).
-12
Let w(o) = -2*o - 5. Let r be w(-6). Suppose 4*n - 14 = -a, -a - 3*n = r - 18. Suppose 6 = a*b - 8. Let x(l) = l**2 - 5*l - 10. Calculate x(b).
4
Let k(x) = -5*x - 3. Suppose -z - 3*f = 10, 2*z + 2*f + 36 - 8 = 0. Let h(b) = 26*b + 16. Let n(a) = z*k(a) - 3*h(a). Calculate n(-2).
-4
Suppose 2*n - 26 + 12 = 0. Let i(b) = 2*b + n*b**2 - 28 + b**3 + 16 + 19. Determine i(-7).
-7
Let h(y) = 2*y**3 + 23*y**2 + 16*y - 11. Let x(u) = -3*u**3 - 34*u**2 - 23*u + 17. Let g(r) = -8*h(r) - 5*x(r). What is g(-13)?
3
Let f(q) = q**3 + 3*q**2 + 7*q - 6. Let y(x) = -2*x**3 - 7*x**2 - 16*x + 11. Let b(m) = 5*f(m) + 2*y(m). Determine b(0).
-8
Let j(f) = 4*f**2 - 9*f - 2. Let k(t) = 37*t - 37*t + t**2 - 2*t**2. Let x(m) = -j(m) - 5*k(m). Give x(-8).
-6
Let v = -11 + 12. Let q(u) = 14*u**3 + 2*u**2 - 1. Let k be q(v). Suppose 2*f = k - 17. Let y(g) = 10*g**2 - g. Calculate y(f).
11
Let g = -197 - -202. Let q(i) be the third derivative of 0 + 2/3*i**3 - g*i**2 + 0*i + 1/24*i**4. Determine q(-6).
-2
Suppose 0 = -2*w - 2 - 2. Let s be (-1)/1 + 1 + w. Let i(a) be the first derivative of -5*a**2/2 - a + 9. Determine i(s).
9
Let b(n) = n**2 - 5*n. Let k be b(5). Let i(j) be the second derivative of j**4/12 - j**3/6 - 7*j**2/2 - 56*j. Determine i(k).
-7
Let x(q) be the first derivative of -5 + 5*q - 1/2*q**4 + q**3 + 1/20*q**5 + 3/2*q**2. Let t(g) be the first derivative of x(g). What is t(5)?
8
Let r(g) = -5*g**2 - g - 1. Suppose -4*f + 3*a + 20 = 0, 0 = -2*f + 5*f - 3*a - 18. Let q be (-22)/33 + f/(-6). Give r(q).
-5
Let v(h) = h**3 + 6*h**2 + 5*h + 3. Let g = 45 + -43. Let t(u) = u - 7. Let d be t(g). Give v(d).
3
Let t = 1740 - 1732. Let b(p) = -p**2 + 12*p - 8. What is b(t)?
24
Let j(z) = -2*z**3 + 2*z + 3. Suppose -2*a = 2*f + 10 - 6, 0 = 4*a. Determine j(f).
15
Let g(t) be the second derivative of 0 + 43*t + 3*t**2 + 1/6*t**3. What is g(0)?
6
Let m(u) be the third derivative of u**7/1260 + u**6/720 - 3*u**5/20 + 35*u**2. Let n(r) be the third derivative of m(r). Give n(-1).
-3
Let s(z) = z**2 + 13*z + 9. Let j be s(-11). Let k = j - -15. Let h(q) = 30*q - 31*q - q**2 + 3*q**k - 2*q**3. Determine h(1).
-1
Suppose 0 = -7*o - 7 + 21. Let v(z) = 5*z**o + 2*z - 7*z - 3 - 6*z**2 + 3*z. Calculate v(-3).
-6
Let y(n) = n**3 + 6*n**2 + 2*n - 15. Let q(j) = -2*j + 33. Let d be q(19). Let w be y(d). Let p(m) = m**2 - m - 5. What is p(w)?
-5
Suppose -44 = -3*s - s. Let p(c) = -c**2 + 12*c - 11. Let i be p(s). Let v(k) = k**3 - k**2 + 9. Calculate v(i).
9
Let k(m) = -9*m - 2. Let f be k(-1). Let j(v) = -8*v - f - 14 + 24 + v**2. Give j(3).
-12
Let d(q) = -2*q**3 + q**2 - 6*q + 1. Let x(i) = -6*i**3 + 4*i**2 - 17*i + 3. Let m(b) = 8*d(b) - 3*x(b). Suppose 1 = 4*p - 7. What is m(p)?
5
Let j(q) be the third derivative of -q**5/60 + 5*q**4/24 - q**3/2 - 1292*q**2. Suppose -3*m + 2 = -4*m, -l = -4*m - 14. Calculate j(l).
-9
Suppose 3*d - w = -16, -d - 7 = -3*w + 1. Let b(a) be the first derivative of 1/3*a**3 - 2 + 4*a + 4*a**2. Determine b(d).
-11
Suppose -60*t - 87 = -87. Let x(f) = f + 8. Give x(t).
8
Let m(u) = u**2 + 2 + 1 + 4*u**3 - 2 - u. Suppose -5*d + 11 = 6. Give m(d).
5
Let l(f) be the third derivative of -f**6/120 + 7*f**5/60 - 5*f**4/24 + f**3 - 109*f**2. Determine l(7).
-29
Let s be 54/(-30)*40/(-6). Suppose 2*u = -l + 3*l - 6, 2*l + u - s = 0. Let d(b) be the first derivative of b**2/2 + 2. Give d(l).
5
Let i(p) = -p**2 - 4*p + 8. Let q = 0 - -9. Let m = -13 + q. Let k be m/12 - 34/6. Give i(k).
-4
Let c(j) be the first derivative of -12*j**2 + 77*j + 486. Calculate c(3).
5
Let v(j) = -j - 4. Suppose -5*r + 8 = 4*w, -2*w - r + 2 + 2 = 0. Let t be 12/8*-2*w. Let p be (6 + t)*2/(-8). What is v(p)?
-4
Let j(w) = 6*w - 17. Let a(h) = h**3 + 8*h**2 - 15*h - 157. Let n be a(-6). Calculate j(n).
13
Let r(b) = -b**3 - b**2 + 3*b - 2. Let l(f) be the third derivative of f**6/120 - f**5/30 - f**4/24 - f**3/6 + 12*f**2. Let q be l(2). Determine r(q).
7
Let z(u) = 9*u**2 - 9*u + 1. Let s(a) be the second derivative of -5/12*a**4 - a - 1/2*a**2 + 5/6*a**3 + 0. Let k(x) = -7*s(x) - 4*z(x). Determine k(3).
-3
Suppose -8*d + 8 = -6*d. Suppose 0*g = 3*g + s + 15, d*s = 0. Let z = g - 0. Let t(p) = p**2 + 4*p + 2. Calculate t(z).
7
Let v be 1 - -28 - (-27 - -26). Suppose 4*x - v = -x. Let l(r) = r - 3. Calculate l(x).
3
Let g(x) = 4*x**2 + 2 - x + 0*x**2 - 3*x. Let r(m) be the third derivative of m**5/60 + m**3/6 + 19*m**2. Let o(j) = -g(j) + 5*r(j). Give o(-2).
-1
Let n(i) = -7*i**2 - 27*i + 1. Let h(l) = -13*l**2 - 55*l - 2. Let b(w) = 4*h(w) - 7*n(w). Give b(-10).
-5
Let s = -7 + -1. Let c(u) = u**2 + 7*u - 6. Let f be c(s). Suppose 3*h - r = h - 9, 0 = -4*h - f*r + 2. Let q(n) = -n**2 + n + 1. Calculate q(h).
-5
Let i(v) be the third derivative of -v**5/60 - 3*v**4/8 + 29*v**3/3 + 2*v**2 + 304. Determine i(-13).
6
Let b(g) = 169 + 29*g - 31*g - 163. Let w(s) = 3*s. Let p = 2 + 0. Let d be w(p). Determine b(d).
-6
Suppose 7 = 16*h - 9. Let f(z) = -18*z**2 - 1. Calculate f(h).
-19
Let a(k) = 11*k**2 - 3. Let y(m) = 442*m**2 - 119. Let z(l) = 119*a(l) - 3*y(l). Determine z(-1).
-17
Let w(f) = -2 - 5*f - 88*f**3 - 95*f**3 + 7*f**2 + 182*f**3. What is w(4)?
26
Let y be (-255)/153*36/(-30). Let n(o) = -o**3 + o**2 - o. Let i(t) = -6*t**3 + 5*t**2 - 7*t + 1. Let v(w) = -i(w) + 4*n(w). Determine v(y).
17
Let u be (-20)/(-2 + (2 - -1)). Let t = u - -29. Let s(f) = f - 7. Give s(t).
2
Let w(b) be the first derivative of -2*b**2 - 2*b - 1. Let m be ((-4)/6)/((-325)/105 - -3). Suppose 4*p = m + 5. What is w(p)?
-14
Suppose -13*m + 21 = -10*m. Let d(y) = y - 3. Calculate d(m).
4
Let h(n) be the first derivative of -n**4/4 - 4*n**3 - 5*n**2 + 9*n + 151. Calculate h(-11).
-2
Let b(f) = f - 14*f + 3*f**3 - 4*f**3 - 21 + 16*f**2. Let r be b(15). Let n be r/6 - (-4)/(-8). Let p(x) = -7*x**2 + x - 1. Determine p(n).
-7
Let i(f) be the first derivative of -1/12*f**4 + 6 - 6*f + 5/6*f**3 + 3*f**2. Let p(b) be the first derivative of i(b). Determine p(5).
6
Let y(d) be the first derivative of d